[INFO] cloning repository https://github.com/FanHHHHH/WS
[INFO] running `Command { std: "git" "-c" "credential.helper=" "-c" "credential.helper=/workspace/cargo-home/bin/git-credential-null" "clone" "--bare" "https://github.com/FanHHHHH/WS" "/workspace/cache/git-repos/https%3A%2F%2Fgithub.com%2FFanHHHHH%2FWS", kill_on_drop: false }`
[INFO] [stderr] Cloning into bare repository '/workspace/cache/git-repos/https%3A%2F%2Fgithub.com%2FFanHHHHH%2FWS'...
[INFO] running `Command { std: "git" "rev-parse" "HEAD", kill_on_drop: false }`
[INFO] [stdout] cc136fadc7ebc34ead26c6f8b712172cfd88c854
[INFO] checking FanHHHHH/WS against master#9610dfe5a9a731ced1ea4923ecbd0c57fe367898 for beta-170-4
[INFO] running `Command { std: "git" "clone" "/workspace/cache/git-repos/https%3A%2F%2Fgithub.com%2FFanHHHHH%2FWS" "/workspace/builds/worker-1-tc1/source", kill_on_drop: false }`
[INFO] [stderr] Cloning into '/workspace/builds/worker-1-tc1/source'...
[INFO] [stderr] done.
[INFO] validating manifest of git repo https://github.com/FanHHHHH/WS on toolchain 9610dfe5a9a731ced1ea4923ecbd0c57fe367898
[INFO] running `Command { std: CARGO_HOME="/workspace/cargo-home" RUSTUP_HOME="/workspace/rustup-home" "/workspace/cargo-home/bin/cargo" "+9610dfe5a9a731ced1ea4923ecbd0c57fe367898" "metadata" "--manifest-path" "Cargo.toml" "--no-deps", kill_on_drop: false }`
[INFO] started tweaking git repo https://github.com/FanHHHHH/WS
[INFO] finished tweaking git repo https://github.com/FanHHHHH/WS
[INFO] tweaked toml for git repo https://github.com/FanHHHHH/WS written to /workspace/builds/worker-1-tc1/source/Cargo.toml
[INFO] crate git repo https://github.com/FanHHHHH/WS already has a lockfile, it will not be regenerated
[INFO] running `Command { std: CARGO_HOME="/workspace/cargo-home" RUSTUP_HOME="/workspace/rustup-home" "/workspace/cargo-home/bin/cargo" "+9610dfe5a9a731ced1ea4923ecbd0c57fe367898" "fetch" "--manifest-path" "Cargo.toml", kill_on_drop: false }`
[INFO] [stderr] warning: profiles for the non root package will be ignored, specify profiles at the workspace root:
[INFO] [stderr] package:   /workspace/builds/worker-1-tc1/source/wasm-client/Cargo.toml
[INFO] [stderr] workspace: /workspace/builds/worker-1-tc1/source/Cargo.toml
[INFO] [stderr]  Downloading crates ...
[INFO] [stderr]   Downloaded awc v3.0.0
[INFO] running `Command { std: "docker" "create" "-v" "/var/lib/crater-agent-workspace/builds/worker-1-tc1/target:/opt/rustwide/target:rw,Z" "-v" "/var/lib/crater-agent-workspace/builds/worker-1-tc1/source:/opt/rustwide/workdir:ro,Z" "-v" "/var/lib/crater-agent-workspace/cargo-home:/opt/rustwide/cargo-home:ro,Z" "-v" "/var/lib/crater-agent-workspace/rustup-home:/opt/rustwide/rustup-home:ro,Z" "-e" "SOURCE_DIR=/opt/rustwide/workdir" "-e" "CARGO_TARGET_DIR=/opt/rustwide/target" "-e" "CARGO_HOME=/opt/rustwide/cargo-home" "-e" "RUSTUP_HOME=/opt/rustwide/rustup-home" "-w" "/opt/rustwide/workdir" "-m" "1610612736" "--user" "0:0" "--network" "none" "ghcr.io/rust-lang/crates-build-env/linux@sha256:5ff2268d62e97bff2cde7d5815dd6ed5b47097566f13b8d0ca110b04b60e07ed" "/opt/rustwide/cargo-home/bin/cargo" "+9610dfe5a9a731ced1ea4923ecbd0c57fe367898" "metadata" "--no-deps" "--format-version=1", kill_on_drop: false }`
[INFO] [stdout] 6a3ed32cecd84ecafcf0b73fe457780920363780e1c04ff050ba8a12391a1e21
[INFO] running `Command { std: "docker" "start" "-a" "6a3ed32cecd84ecafcf0b73fe457780920363780e1c04ff050ba8a12391a1e21", kill_on_drop: false }`
[INFO] running `Command { std: "docker" "inspect" "6a3ed32cecd84ecafcf0b73fe457780920363780e1c04ff050ba8a12391a1e21", kill_on_drop: false }`
[INFO] running `Command { std: "docker" "rm" "-f" "6a3ed32cecd84ecafcf0b73fe457780920363780e1c04ff050ba8a12391a1e21", kill_on_drop: false }`
[INFO] [stdout] 6a3ed32cecd84ecafcf0b73fe457780920363780e1c04ff050ba8a12391a1e21
[INFO] running `Command { std: "docker" "create" "-v" "/var/lib/crater-agent-workspace/builds/worker-1-tc1/target:/opt/rustwide/target:rw,Z" "-v" "/var/lib/crater-agent-workspace/builds/worker-1-tc1/source:/opt/rustwide/workdir:ro,Z" "-v" "/var/lib/crater-agent-workspace/cargo-home:/opt/rustwide/cargo-home:ro,Z" "-v" "/var/lib/crater-agent-workspace/rustup-home:/opt/rustwide/rustup-home:ro,Z" "-e" "SOURCE_DIR=/opt/rustwide/workdir" "-e" "CARGO_TARGET_DIR=/opt/rustwide/target" "-e" "CARGO_INCREMENTAL=0" "-e" "RUST_BACKTRACE=full" "-e" "RUSTFLAGS=--cap-lints=forbid" "-e" "RUSTDOCFLAGS=--cap-lints=forbid" "-e" "CARGO_HOME=/opt/rustwide/cargo-home" "-e" "RUSTUP_HOME=/opt/rustwide/rustup-home" "-w" "/opt/rustwide/workdir" "-m" "1610612736" "--user" "0:0" "--network" "none" "ghcr.io/rust-lang/crates-build-env/linux@sha256:5ff2268d62e97bff2cde7d5815dd6ed5b47097566f13b8d0ca110b04b60e07ed" "/opt/rustwide/cargo-home/bin/cargo" "+9610dfe5a9a731ced1ea4923ecbd0c57fe367898" "check" "--frozen" "--all" "--all-targets" "--message-format=json", kill_on_drop: false }`
[INFO] [stdout] deef3f6d2da6510e4b5f3974f62a4bb8267ba5b6485a83b12fe02e99e55b6552
[INFO] running `Command { std: "docker" "start" "-a" "deef3f6d2da6510e4b5f3974f62a4bb8267ba5b6485a83b12fe02e99e55b6552", kill_on_drop: false }`
[INFO] [stderr] warning: profiles for the non root package will be ignored, specify profiles at the workspace root:
[INFO] [stderr] package:   /opt/rustwide/workdir/wasm-client/Cargo.toml
[INFO] [stderr] workspace: /opt/rustwide/workdir/Cargo.toml
[INFO] [stderr]    Compiling libc v0.2.125
[INFO] [stderr]    Compiling version_check v0.9.4
[INFO] [stderr]    Compiling autocfg v1.1.0
[INFO] [stderr]     Checking cfg-if v1.0.0
[INFO] [stderr]    Compiling proc-macro2 v1.0.37
[INFO] [stderr]    Compiling syn v1.0.92
[INFO] [stderr]    Compiling log v0.4.16
[INFO] [stderr]    Compiling memchr v2.5.0
[INFO] [stderr]    Compiling typenum v1.15.0
[INFO] [stderr]     Checking once_cell v1.10.0
[INFO] [stderr]    Compiling serde_derive v1.0.137
[INFO] [stderr]     Checking spin v0.5.2
[INFO] [stderr]    Compiling serde v1.0.137
[INFO] [stderr]    Compiling futures-core v0.3.21
[INFO] [stderr]    Compiling libm v0.2.2
[INFO] [stderr]    Compiling parking_lot_core v0.9.3
[INFO] [stderr]     Checking itoa v1.0.1
[INFO] [stderr]     Checking smallvec v1.8.0
[INFO] [stderr]     Checking pin-project-lite v0.2.9
[INFO] [stderr]     Checking lazy_static v1.4.0
[INFO] [stderr]     Checking scopeguard v1.1.0
[INFO] [stderr]     Checking bytes v1.1.0
[INFO] [stderr]    Compiling futures-task v0.3.21
[INFO] [stderr]    Compiling serde_json v1.0.80
[INFO] [stderr]     Checking ryu v1.0.9
[INFO] [stderr]    Compiling futures-util v0.3.21
[INFO] [stderr]    Compiling generic-array v0.14.5
[INFO] [stderr]    Compiling lock_api v0.4.7
[INFO] [stderr]    Compiling num-traits v0.2.15
[INFO] [stderr]    Compiling num-integer v0.1.45
[INFO] [stderr]    Compiling ahash v0.7.6
[INFO] [stderr]     Checking futures-sink v0.3.21
[INFO] [stderr]    Compiling ppv-lite86 v0.2.16
[INFO] [stderr]    Compiling indexmap v1.8.1
[INFO] [stderr]     Checking fnv v1.0.7
[INFO] [stderr]    Compiling regex-syntax v0.6.25
[INFO] [stderr]     Checking percent-encoding v2.1.0
[INFO] [stderr]    Compiling paste v1.0.7
[INFO] [stderr]    Compiling crossbeam-utils v0.8.8
[INFO] [stderr]    Compiling quote v1.0.18
[INFO] [stderr]    Compiling aho-corasick v0.7.18
[INFO] [stderr]     Checking tracing-core v0.1.26
[INFO] [stderr]     Checking getrandom v0.2.6
[INFO] [stderr]    Compiling jobserver v0.1.24
[INFO] [stderr]     Checking mio v0.8.3
[INFO] [stderr]     Checking num_cpus v1.13.1
[INFO] [stderr]    Compiling cc v1.0.73
[INFO] [stderr]     Checking socket2 v0.4.5
[INFO] [stderr]     Checking signal-hook-registry v1.4.0
[INFO] [stderr]    Compiling rand_core v0.6.3
[INFO] [stderr]     Checking parking_lot v0.12.0
[INFO] [stderr]     Checking bitflags v1.3.2
[INFO] [stderr]    Compiling rand_chacha v0.3.1
[INFO] [stderr]     Checking pin-utils v0.1.0
[INFO] [stderr]    Compiling uncased v0.9.6
[INFO] [stderr]     Checking base64 v0.13.0
[INFO] [stderr]     Checking tokio v1.18.2
[INFO] [stderr]     Checking tinyvec_macros v0.1.0
[INFO] [stderr]     Checking matches v0.1.9
[INFO] [stderr]     Checking hashbrown v0.11.2
[INFO] [stderr]     Checking tinyvec v1.6.0
[INFO] [stderr]     Checking rand v0.8.5
[INFO] [stderr]     Checking local-waker v0.1.3
[INFO] [stderr]     Checking cpufeatures v0.2.2
[INFO] [stderr]     Checking form_urlencoded v1.0.1
[INFO] [stderr]     Checking time v0.1.44
[INFO] [stderr]     Checking http v0.2.7
[INFO] [stderr]     Checking crypto-common v0.1.3
[INFO] [stderr]     Checking block-buffer v0.10.2
[INFO] [stderr]     Checking unicode-bidi v0.3.8
[INFO] [stderr]     Checking alloc-no-stdlib v2.0.3
[INFO] [stderr]     Checking digest v0.10.3
[INFO] [stderr]    Compiling zstd-safe v4.1.4+zstd.1.5.2
[INFO] [stderr]    Compiling crc32fast v1.3.2
[INFO] [stderr]     Checking alloc-stdlib v0.2.1
[INFO] [stderr]     Checking actix-utils v3.0.0
[INFO] [stderr]     Checking actix-service v2.0.2
[INFO] [stderr]     Checking sha-1 v0.10.0
[INFO] [stderr]    Compiling num-iter v0.1.43
[INFO] [stderr]     Checking unicode-normalization v0.1.19
[INFO] [stderr]     Checking adler v1.0.2
[INFO] [stderr]    Compiling httparse v1.7.1
[INFO] [stderr]    Compiling parking_lot_core v0.8.5
[INFO] [stderr]    Compiling ring v0.16.20
[INFO] [stderr]    Compiling zstd-sys v1.6.3+zstd.1.5.2
[INFO] [stderr]    Compiling encoding_rs v0.8.31
[INFO] [stderr]     Checking miniz_oxide v0.5.1
[INFO] [stderr]     Checking brotli-decompressor v2.3.2
[INFO] [stderr]    Compiling regex v1.5.5
[INFO] [stderr]     Checking bytestring v1.0.0
[INFO] [stderr]    Compiling cookie v0.16.0
[INFO] [stderr]    Compiling wasm-bindgen-shared v0.2.80
[INFO] [stderr]     Checking num_threads v0.1.6
[INFO] [stderr]     Checking mime v0.3.16
[INFO] [stderr]     Checking slab v0.4.6
[INFO] [stderr]    Compiling time-macros v0.2.4
[INFO] [stderr]    Compiling untrusted v0.7.1
[INFO] [stderr]    Compiling convert_case v0.4.0
[INFO] [stderr]     Checking flate2 v1.0.23
[INFO] [stderr]     Checking idna v0.2.3
[INFO] [stderr]    Compiling firestorm v0.5.0
[INFO] [stderr]    Compiling subtle v2.4.1
[INFO] [stderr]     Checking language-tags v0.3.2
[INFO] [stderr]     Checking url v2.2.2
[INFO] [stderr]     Checking httpdate v1.0.2
[INFO] [stderr]    Compiling base64ct v1.5.0
[INFO] [stderr]     Checking brotli v3.3.4
[INFO] [stderr]    Compiling siphasher v0.3.10
[INFO] [stderr]     Checking local-channel v0.1.3
[INFO] [stderr]    Compiling num-bigint-dig v0.8.1
[INFO] [stderr]    Compiling pem-rfc7468 v0.3.1
[INFO] [stderr]    Compiling phf_shared v0.10.0
[INFO] [stderr]    Compiling crypto-bigint v0.3.2
[INFO] [stderr]    Compiling bumpalo v3.9.1
[INFO] [stderr]    Compiling const-oid v0.7.1
[INFO] [stderr]    Compiling num-bigint v0.3.3
[INFO] [stderr]    Compiling unicase v2.6.0
[INFO] [stderr]    Compiling der v0.5.1
[INFO] [stderr]     Checking time v0.3.9
[INFO] [stderr]    Compiling futures-channel v0.3.21
[INFO] [stderr]    Compiling zeroize v1.5.5
[INFO] [stderr]    Compiling crossbeam-queue v0.3.5
[INFO] [stderr]    Compiling phf_generator v0.10.0
[INFO] [stderr]    Compiling instant v0.1.12
[INFO] [stderr]    Compiling wasm-bindgen v0.2.80
[INFO] [stderr]    Compiling phf_codegen v0.10.0
[INFO] [stderr]    Compiling wasm-bindgen-backend v0.2.80
[INFO] [stderr]    Compiling phf v0.10.1
[INFO] [stderr]    Compiling spki v0.5.4
[INFO] [stderr]    Compiling parse-zoneinfo v0.3.0
[INFO] [stderr]     Checking webpki v0.21.4
[INFO] [stderr]     Checking sct v0.6.1
[INFO] [stderr]    Compiling pkcs8 v0.8.0
[INFO] [stderr]    Compiling ucd-trie v0.1.3
[INFO] [stderr]    Compiling rustls v0.19.1
[INFO] [stderr]    Compiling byteorder v1.4.3
[INFO] [stderr]    Compiling chrono-tz-build v0.0.2
[INFO] [stderr]    Compiling pest v2.1.3
[INFO] [stderr]    Compiling itertools v0.10.3
[INFO] [stderr]    Compiling nom v7.1.1
[INFO] [stderr]    Compiling pkcs1 v0.3.3
[INFO] [stderr]    Compiling wasm-bindgen-macro-support v0.2.80
[INFO] [stderr]    Compiling parking_lot v0.11.2
[INFO] [stderr]     Checking bstr v0.2.17
[INFO] [stderr]     Checking minimal-lexical v0.2.1
[INFO] [stderr]    Compiling maplit v1.0.2
[INFO] [stderr]     Checking unic-char-range v0.9.0
[INFO] [stderr]     Checking either v1.6.1
[INFO] [stderr]    Compiling unicode_categories v0.1.1
[INFO] [stderr]     Checking unic-common v0.9.0
[INFO] [stderr]     Checking dotenv v0.15.0
[INFO] [stderr]     Checking unic-ucd-version v0.9.0
[INFO] [stderr]     Checking walkdir v2.3.2
[INFO] [stderr]    Compiling rsa v0.6.1
[INFO] [stderr]     Checking unic-char-property v0.9.0
[INFO] [stderr]    Compiling pest_meta v2.1.3
[INFO] [stderr]     Checking globset v0.4.8
[INFO] [stderr]     Checking tokio-rustls v0.22.0
[INFO] [stderr]    Compiling mime_guess v2.0.4
[INFO] [stderr]    Compiling futures-intrusive v0.4.0
[INFO] [stderr]    Compiling chrono-tz v0.6.1
[INFO] [stderr]    Compiling sqlformat v0.1.8
[INFO] [stderr]    Compiling sha2 v0.10.2
[INFO] [stderr]    Compiling webpki-roots v0.21.1
[INFO] [stderr]    Compiling hashlink v0.7.0
[INFO] [stderr]    Compiling stringprep v0.1.2
[INFO] [stderr]    Compiling tokio-stream v0.1.8
[INFO] [stderr]    Compiling atoi v0.4.0
[INFO] [stderr]     Checking thread_local v1.1.4
[INFO] [stderr]    Compiling tracing-attributes v0.1.21
[INFO] [stderr]    Compiling actix-macros v0.2.3
[INFO] [stderr]    Compiling derive_more v0.99.17
[INFO] [stderr]    Compiling thiserror-impl v1.0.31
[INFO] [stderr]    Compiling wasm-bindgen-macro v0.2.80
[INFO] [stderr]    Compiling sqlx-rt v0.5.13
[INFO] [stderr]    Compiling event-listener v2.5.2
[INFO] [stderr]    Compiling unicode-segmentation v1.9.0
[INFO] [stderr]    Compiling hex v0.4.3
[INFO] [stderr]     Checking ignore v0.4.18
[INFO] [stderr]    Compiling heck v0.4.0
[INFO] [stderr]    Compiling pest_generator v2.1.3
[INFO] [stderr]     Checking actix-rt v2.7.0
[INFO] [stderr]     Checking unic-ucd-segment v0.9.0
[INFO] [stderr]     Checking deunicode v0.4.3
[INFO] [stderr]     Checking unic-segment v0.9.0
[INFO] [stderr]     Checking globwalk v0.8.1
[INFO] [stderr]     Checking http-range v0.1.5
[INFO] [stderr]     Checking humansize v1.1.1
[INFO] [stderr]     Checking askama_escape v0.10.3
[INFO] [stderr]     Checking slug v0.1.4
[INFO] [stderr]    Compiling wasm-bindgen-test-macro v0.3.30
[INFO] [stderr]     Checking scoped-tls v1.0.0
[INFO] [stderr]    Compiling pest_derive v2.1.0
[INFO] [stderr]    Compiling thiserror v1.0.31
[INFO] [stderr]     Checking tracing v0.1.34
[INFO] [stderr]     Checking tokio-util v0.7.1
[INFO] [stderr]     Checking actix-server v2.1.1
[INFO] [stderr]     Checking actix-codec v0.5.0
[INFO] [stderr]     Checking h2 v0.3.13
[INFO] [stderr]     Checking actix-tls v3.0.3
[INFO] [stderr]     Checking chrono v0.4.19
[INFO] [stderr]     Checking serde_urlencoded v0.7.1
[INFO] [stderr]     Checking actix-router v0.5.0
[INFO] [stderr]     Checking sqlx-core v0.5.13
[INFO] [stderr]    Compiling actix-web-codegen v4.0.0
[INFO] [stderr]     Checking js-sys v0.3.57
[INFO] [stderr]     Checking console_error_panic_hook v0.1.7
[INFO] [stderr]     Checking wasm-bindgen-futures v0.4.30
[INFO] [stderr]     Checking web-sys v0.3.57
[INFO] [stderr]     Checking wasm-bindgen-test v0.3.30
[INFO] [stderr]    Compiling sqlx-macros v0.5.13
[INFO] [stderr]     Checking tera v1.15.0
[INFO] [stderr]     Checking wasm-client v0.1.0 (/opt/rustwide/workdir/wasm-client)
[INFO] [stdout] warning: function `set_panic_hook` is never used
[INFO] [stdout]  --> wasm-client/src/utils.rs:1:8
[INFO] [stdout]   |
[INFO] [stdout] 1 | pub fn set_panic_hook() {
[INFO] [stdout]   |        ^^^^^^^^^^^^^^
[INFO] [stdout]   |
[INFO] [stdout]   = note: `#[warn(dead_code)]` on by default
[INFO] [stdout] 
[INFO] [stdout] 
[INFO] [stdout] warning: 1 warning emitted
[INFO] [stdout] 
[INFO] [stdout] 
[INFO] [stdout] warning: function `set_panic_hook` is never used
[INFO] [stdout]  --> wasm-client/src/utils.rs:1:8
[INFO] [stdout]   |
[INFO] [stdout] 1 | pub fn set_panic_hook() {
[INFO] [stdout]   |        ^^^^^^^^^^^^^^
[INFO] [stdout]   |
[INFO] [stdout]   = note: `#[warn(dead_code)]` on by default
[INFO] [stdout] 
[INFO] [stdout] 
[INFO] [stdout] warning: 1 warning emitted
[INFO] [stdout] 
[INFO] [stdout] 
[INFO] [stderr]     Checking sqlx v0.5.13
[INFO] [stderr]     Checking zstd v0.10.0+zstd.1.5.2
[INFO] [stderr]     Checking actix-http v3.0.4
[INFO] [stderr]     Checking actix-web v4.0.1
[INFO] [stderr]     Checking awc v3.0.0
[INFO] [stderr]     Checking actix-cors v0.6.1
[INFO] [stderr]     Checking actix-files v0.6.0
[INFO] [stderr]     Checking webservice v0.1.0 (/opt/rustwide/workdir/webservice)
[INFO] [stdout] warning: unused imports: `get`, `post`
[INFO] [stdout]  --> webservice/src/bin/server1.rs:1:17
[INFO] [stdout]   |
[INFO] [stdout] 1 | use actix_web::{get, post, web, App, HttpResponse, HttpServer, Responder};
[INFO] [stdout]   |                 ^^^  ^^^^
[INFO] [stdout]   |
[INFO] [stdout]   = note: `#[warn(unused_imports)]` on by default
[INFO] [stdout] 
[INFO] [stdout] 
[INFO] [stdout] warning: unused imports: `get`, `post`
[INFO] [stdout]  --> webservice/src/bin/server1.rs:1:17
[INFO] [stdout]   |
[INFO] [stdout] 1 | use actix_web::{get, post, web, App, HttpResponse, HttpServer, Responder};
[INFO] [stdout]   |                 ^^^  ^^^^
[INFO] [stdout]   |
[INFO] [stdout]   = note: `#[warn(unused_imports)]` on by default
[INFO] [stdout] 
[INFO] [stdout] 
[INFO] [stdout] error: error communicating with database: Cannot assign requested address (os error 99)
[INFO] [stdout]   --> webservice/src/bin/../dbaccess/course.rs:10:29
[INFO] [stdout]    |
[INFO] [stdout] 10 |       let rows: Vec<Course> = sqlx::query_as!(
[INFO] [stdout]    |  _____________________________^
[INFO] [stdout] 11 | |         Course,
[INFO] [stdout] 12 | |         r#"SELECT *
[INFO] [stdout] 13 | |         FROM course 
[INFO] [stdout] 14 | |         WHERE teacher_id = ?"#,
[INFO] [stdout] 15 | |         teacher_id
[INFO] [stdout] 16 | |     )
[INFO] [stdout]    | |_____^
[INFO] [stdout]    |
[INFO] [stdout]    = note: this error originates in the macro `$crate::sqlx_macros::expand_query` which comes from the expansion of the macro `sqlx::query_as` (in Nightly builds, run with -Z macro-backtrace for more info)
[INFO] [stdout] 
[INFO] [stdout] 
[INFO] [stdout] error: error communicating with database: Cannot assign requested address (os error 99)
[INFO] [stdout]   --> webservice/src/bin/../dbaccess/course.rs:10:29
[INFO] [stdout]    |
[INFO] [stdout] 10 |       let rows: Vec<Course> = sqlx::query_as!(
[INFO] [stdout]    |  _____________________________^
[INFO] [stdout] 11 | |         Course,
[INFO] [stdout] 12 | |         r#"SELECT *
[INFO] [stdout] 13 | |         FROM course 
[INFO] [stdout] 14 | |         WHERE teacher_id = ?"#,
[INFO] [stdout] 15 | |         teacher_id
[INFO] [stdout] 16 | |     )
[INFO] [stdout]    | |_____^
[INFO] [stdout]    |
[INFO] [stdout]    = note: this error originates in the macro `$crate::sqlx_macros::expand_query` which comes from the expansion of the macro `sqlx::query_as` (in Nightly builds, run with -Z macro-backtrace for more info)
[INFO] [stdout] 
[INFO] [stdout] 
[INFO] [stdout] error: error communicating with database: Cannot assign requested address (os error 99)
[INFO] [stdout]   --> webservice/src/bin/../dbaccess/course.rs:32:15
[INFO] [stdout]    |
[INFO] [stdout] 32 |       let row = sqlx::query_as!(
[INFO] [stdout]    |  _______________^
[INFO] [stdout] 33 | |         Course,
[INFO] [stdout] 34 | |         r#"SELECT *
[INFO] [stdout] 35 | |     From course
[INFO] [stdout] ...  |
[INFO] [stdout] 38 | |         course_id
[INFO] [stdout] 39 | |     )
[INFO] [stdout]    | |_____^
[INFO] [stdout]    |
[INFO] [stdout]    = note: this error originates in the macro `$crate::sqlx_macros::expand_query` which comes from the expansion of the macro `sqlx::query_as` (in Nightly builds, run with -Z macro-backtrace for more info)
[INFO] [stdout] 
[INFO] [stdout] 
[INFO] [stdout] error: error communicating with database: Cannot assign requested address (os error 99)
[INFO] [stdout]   --> webservice/src/bin/../dbaccess/course.rs:32:15
[INFO] [stdout]    |
[INFO] [stdout] 32 |       let row = sqlx::query_as!(
[INFO] [stdout]    |  _______________^
[INFO] [stdout] 33 | |         Course,
[INFO] [stdout] 34 | |         r#"SELECT *
[INFO] [stdout] 35 | |     From course
[INFO] [stdout] ...  |
[INFO] [stdout] 38 | |         course_id
[INFO] [stdout] 39 | |     )
[INFO] [stdout]    | |_____^
[INFO] [stdout]    |
[INFO] [stdout]    = note: this error originates in the macro `$crate::sqlx_macros::expand_query` which comes from the expansion of the macro `sqlx::query_as` (in Nightly builds, run with -Z macro-backtrace for more info)
[INFO] [stdout] 
[INFO] [stdout] 
[INFO] [stdout] error: error communicating with database: Cannot assign requested address (os error 99)
[INFO] [stdout]   --> webservice/src/bin/../dbaccess/course.rs:52:14
[INFO] [stdout]    |
[INFO] [stdout] 52 |       let id = sqlx::query!(
[INFO] [stdout]    |  ______________^
[INFO] [stdout] 53 | |         r#"INSERT INTO course (teacher_id, name, description, format, structure, duration, price, language, level)
[INFO] [stdout] 54 | |     VALUES (?, ?, ?, ? ,?, ?, ?, ?, ?)"#,
[INFO] [stdout] 55 | |         new_course.teacher_id,
[INFO] [stdout] ...  |
[INFO] [stdout] 63 | |         new_course.level
[INFO] [stdout] 64 | |     )
[INFO] [stdout]    | |_____^
[INFO] [stdout]    |
[INFO] [stdout]    = note: this error originates in the macro `$crate::sqlx_macros::expand_query` which comes from the expansion of the macro `sqlx::query` (in Nightly builds, run with -Z macro-backtrace for more info)
[INFO] [stdout] 
[INFO] [stdout] 
[INFO] [stdout] error: error communicating with database: Cannot assign requested address (os error 99)
[INFO] [stdout]   --> webservice/src/bin/../dbaccess/course.rs:52:14
[INFO] [stdout]    |
[INFO] [stdout] 52 |       let id = sqlx::query!(
[INFO] [stdout]    |  ______________^
[INFO] [stdout] 53 | |         r#"INSERT INTO course (teacher_id, name, description, format, structure, duration, price, language, level)
[INFO] [stdout] 54 | |     VALUES (?, ?, ?, ? ,?, ?, ?, ?, ?)"#,
[INFO] [stdout] 55 | |         new_course.teacher_id,
[INFO] [stdout] ...  |
[INFO] [stdout] 63 | |         new_course.level
[INFO] [stdout] 64 | |     )
[INFO] [stdout]    | |_____^
[INFO] [stdout]    |
[INFO] [stdout]    = note: this error originates in the macro `$crate::sqlx_macros::expand_query` which comes from the expansion of the macro `sqlx::query` (in Nightly builds, run with -Z macro-backtrace for more info)
[INFO] [stdout] 
[INFO] [stdout] 
[INFO] [stdout] error: error communicating with database: Cannot assign requested address (os error 99)
[INFO] [stdout]   --> webservice/src/bin/../dbaccess/course.rs:76:21
[INFO] [stdout]    |
[INFO] [stdout] 76 |       let row_count = sqlx::query!(
[INFO] [stdout]    |  _____________________^
[INFO] [stdout] 77 | |         r#"DELETE 
[INFO] [stdout] 78 | |     FROM course 
[INFO] [stdout] 79 | |     WHERE teacher_id = ? and id = ?"#,
[INFO] [stdout] 80 | |         teacher_id,
[INFO] [stdout] 81 | |         id
[INFO] [stdout] 82 | |     )
[INFO] [stdout]    | |_____^
[INFO] [stdout]    |
[INFO] [stdout]    = note: this error originates in the macro `$crate::sqlx_macros::expand_query` which comes from the expansion of the macro `sqlx::query` (in Nightly builds, run with -Z macro-backtrace for more info)
[INFO] [stdout] 
[INFO] [stdout] 
[INFO] [stdout] error: error communicating with database: Cannot assign requested address (os error 99)
[INFO] [stdout]   --> webservice/src/bin/../dbaccess/course.rs:76:21
[INFO] [stdout]    |
[INFO] [stdout] 76 |       let row_count = sqlx::query!(
[INFO] [stdout]    |  _____________________^
[INFO] [stdout] 77 | |         r#"DELETE 
[INFO] [stdout] 78 | |     FROM course 
[INFO] [stdout] 79 | |     WHERE teacher_id = ? and id = ?"#,
[INFO] [stdout] 80 | |         teacher_id,
[INFO] [stdout] 81 | |         id
[INFO] [stdout] 82 | |     )
[INFO] [stdout]    | |_____^
[INFO] [stdout]    |
[INFO] [stdout]    = note: this error originates in the macro `$crate::sqlx_macros::expand_query` which comes from the expansion of the macro `sqlx::query` (in Nightly builds, run with -Z macro-backtrace for more info)
[INFO] [stdout] 
[INFO] [stdout] 
[INFO] [stdout] error: error communicating with database: Cannot assign requested address (os error 99)
[INFO] [stdout]    --> webservice/src/bin/../dbaccess/course.rs:99:30
[INFO] [stdout]     |
[INFO] [stdout] 99  |       let current_course_row = sqlx::query_as!(
[INFO] [stdout]     |  ______________________________^
[INFO] [stdout] 100 | |         Course,
[INFO] [stdout] 101 | |         r#"SELECT *
[INFO] [stdout] 102 | |     FROM course
[INFO] [stdout] ...   |
[INFO] [stdout] 106 | |         id
[INFO] [stdout] 107 | |     )
[INFO] [stdout]     | |_____^
[INFO] [stdout]     |
[INFO] [stdout]     = note: this error originates in the macro `$crate::sqlx_macros::expand_query` which comes from the expansion of the macro `sqlx::query_as` (in Nightly builds, run with -Z macro-backtrace for more info)
[INFO] [stdout] 
[INFO] [stdout] 
[INFO] [stdout] error: error communicating with database: Cannot assign requested address (os error 99)
[INFO] [stdout]    --> webservice/src/bin/../dbaccess/course.rs:155:21
[INFO] [stdout]     |
[INFO] [stdout] 155 |       let row_count = sqlx::query!(r#"UPDATE course 
[INFO] [stdout]     |  _____________________^
[INFO] [stdout] 156 | |     SET name = ?, description = ?, format = ?, structure = ?, duration = ?, price = ?, language = ?, level = ?
[INFO] [stdout] 157 | |     WHERE teacher_id = ? and id = ? "#, name, description, format, structure, duration, price, language, level, teacher_id, id).execute(p...
[INFO] [stdout]     | |_______________________________________________________________________________________________________________________________^
[INFO] [stdout]     |
[INFO] [stdout]     = note: this error originates in the macro `$crate::sqlx_macros::expand_query` which comes from the expansion of the macro `sqlx::query` (in Nightly builds, run with -Z macro-backtrace for more info)
[INFO] [stdout] 
[INFO] [stdout] 
[INFO] [stdout] error: error communicating with database: Cannot assign requested address (os error 99)
[INFO] [stdout]    --> webservice/src/bin/../dbaccess/course.rs:99:30
[INFO] [stdout]     |
[INFO] [stdout] 99  |       let current_course_row = sqlx::query_as!(
[INFO] [stdout]     |  ______________________________^
[INFO] [stdout] 100 | |         Course,
[INFO] [stdout] 101 | |         r#"SELECT *
[INFO] [stdout] 102 | |     FROM course
[INFO] [stdout] ...   |
[INFO] [stdout] 106 | |         id
[INFO] [stdout] 107 | |     )
[INFO] [stdout]     | |_____^
[INFO] [stdout]     |
[INFO] [stdout]     = note: this error originates in the macro `$crate::sqlx_macros::expand_query` which comes from the expansion of the macro `sqlx::query_as` (in Nightly builds, run with -Z macro-backtrace for more info)
[INFO] [stdout] 
[INFO] [stdout] 
[INFO] [stdout] error: error communicating with database: Cannot assign requested address (os error 99)
[INFO] [stdout]   --> webservice/src/bin/../dbaccess/teacher.rs:6:30
[INFO] [stdout]    |
[INFO] [stdout] 6  |       let rows: Vec<Teacher> = sqlx::query_as!(
[INFO] [stdout]    |  ______________________________^
[INFO] [stdout] 7  | |         Teacher,
[INFO] [stdout] 8  | |         r#"SELECT *
[INFO] [stdout] 9  | |         FROM teacher"#,
[INFO] [stdout] 10 | |     )
[INFO] [stdout]    | |_____^
[INFO] [stdout]    |
[INFO] [stdout]    = note: this error originates in the macro `$crate::sqlx_macros::expand_query` which comes from the expansion of the macro `sqlx::query_as` (in Nightly builds, run with -Z macro-backtrace for more info)
[INFO] [stdout] 
[INFO] [stdout] 
[INFO] [stdout] error: error communicating with database: Cannot assign requested address (os error 99)
[INFO] [stdout]    --> webservice/src/bin/../dbaccess/course.rs:155:21
[INFO] [stdout]     |
[INFO] [stdout] 155 |       let row_count = sqlx::query!(r#"UPDATE course 
[INFO] [stdout]     |  _____________________^
[INFO] [stdout] 156 | |     SET name = ?, description = ?, format = ?, structure = ?, duration = ?, price = ?, language = ?, level = ?
[INFO] [stdout] 157 | |     WHERE teacher_id = ? and id = ? "#, name, description, format, structure, duration, price, language, level, teacher_id, id).execute(p...
[INFO] [stdout]     | |_______________________________________________________________________________________________________________________________^
[INFO] [stdout]     |
[INFO] [stdout]     = note: this error originates in the macro `$crate::sqlx_macros::expand_query` which comes from the expansion of the macro `sqlx::query` (in Nightly builds, run with -Z macro-backtrace for more info)
[INFO] [stdout] 
[INFO] [stdout] 
[INFO] [stdout] error: error communicating with database: Cannot assign requested address (os error 99)
[INFO] [stdout]   --> webservice/src/bin/../dbaccess/teacher.rs:22:15
[INFO] [stdout]    |
[INFO] [stdout] 22 |       let row = sqlx::query!(
[INFO] [stdout]    |  _______________^
[INFO] [stdout] 23 | |         r#"SELECT id, name, picture_url, profile
[INFO] [stdout] 24 | |     From teacher
[INFO] [stdout] 25 | |     WHERE id = ?"#,
[INFO] [stdout] 26 | |         id,
[INFO] [stdout] 27 | |     )
[INFO] [stdout]    | |_____^
[INFO] [stdout]    |
[INFO] [stdout]    = note: this error originates in the macro `$crate::sqlx_macros::expand_query` which comes from the expansion of the macro `sqlx::query` (in Nightly builds, run with -Z macro-backtrace for more info)
[INFO] [stdout] 
[INFO] [stdout] 
[INFO] [stdout] error: error communicating with database: Cannot assign requested address (os error 99)
[INFO] [stdout]   --> webservice/src/bin/../dbaccess/teacher.rs:6:30
[INFO] [stdout]    |
[INFO] [stdout] 6  |       let rows: Vec<Teacher> = sqlx::query_as!(
[INFO] [stdout]    |  ______________________________^
[INFO] [stdout] 7  | |         Teacher,
[INFO] [stdout] 8  | |         r#"SELECT *
[INFO] [stdout] 9  | |         FROM teacher"#,
[INFO] [stdout] 10 | |     )
[INFO] [stdout]    | |_____^
[INFO] [stdout]    |
[INFO] [stdout]    = note: this error originates in the macro `$crate::sqlx_macros::expand_query` which comes from the expansion of the macro `sqlx::query_as` (in Nightly builds, run with -Z macro-backtrace for more info)
[INFO] [stdout] 
[INFO] [stdout] 
[INFO] [stdout] error: error communicating with database: Cannot assign requested address (os error 99)
[INFO] [stdout]   --> webservice/src/bin/../dbaccess/teacher.rs:22:15
[INFO] [stdout]    |
[INFO] [stdout] 22 |       let row = sqlx::query!(
[INFO] [stdout]    |  _______________^
[INFO] [stdout] 23 | |         r#"SELECT id, name, picture_url, profile
[INFO] [stdout] 24 | |     From teacher
[INFO] [stdout] 25 | |     WHERE id = ?"#,
[INFO] [stdout] 26 | |         id,
[INFO] [stdout] 27 | |     )
[INFO] [stdout]    | |_____^
[INFO] [stdout]    |
[INFO] [stdout]    = note: this error originates in the macro `$crate::sqlx_macros::expand_query` which comes from the expansion of the macro `sqlx::query` (in Nightly builds, run with -Z macro-backtrace for more info)
[INFO] [stdout] 
[INFO] [stdout] 
[INFO] [stdout] error: error communicating with database: Cannot assign requested address (os error 99)
[INFO] [stdout]   --> webservice/src/bin/../dbaccess/teacher.rs:44:14
[INFO] [stdout]    |
[INFO] [stdout] 44 |       let id = sqlx::query!(
[INFO] [stdout]    |  ______________^
[INFO] [stdout] 45 | |         r#"INSERT INTO teacher (name, picture_url, profile)
[INFO] [stdout] 46 | |     VALUES (?, ?, ?)"#,
[INFO] [stdout] 47 | |         new_teacher.name,
[INFO] [stdout] 48 | |         new_teacher.picture_url,
[INFO] [stdout] 49 | |         new_teacher.profile
[INFO] [stdout] 50 | |     )
[INFO] [stdout]    | |_____^
[INFO] [stdout]    |
[INFO] [stdout]    = note: this error originates in the macro `$crate::sqlx_macros::expand_query` which comes from the expansion of the macro `sqlx::query` (in Nightly builds, run with -Z macro-backtrace for more info)
[INFO] [stdout] 
[INFO] [stdout] 
[INFO] [stdout] error: error communicating with database: Cannot assign requested address (os error 99)
[INFO] [stdout]   --> webservice/src/bin/../dbaccess/teacher.rs:58:21
[INFO] [stdout]    |
[INFO] [stdout] 58 |       let row_count = sqlx::query!(
[INFO] [stdout]    |  _____________________^
[INFO] [stdout] 59 | |         r#"DELETE 
[INFO] [stdout] 60 | |     FROM teacher 
[INFO] [stdout] 61 | |     WHERE id = ?"#,
[INFO] [stdout] 62 | |         id
[INFO] [stdout] 63 | |     )
[INFO] [stdout]    | |_____^
[INFO] [stdout]    |
[INFO] [stdout]    = note: this error originates in the macro `$crate::sqlx_macros::expand_query` which comes from the expansion of the macro `sqlx::query` (in Nightly builds, run with -Z macro-backtrace for more info)
[INFO] [stdout] 
[INFO] [stdout] 
[INFO] [stdout] error: error communicating with database: Cannot assign requested address (os error 99)
[INFO] [stdout]   --> webservice/src/bin/../dbaccess/teacher.rs:44:14
[INFO] [stdout]    |
[INFO] [stdout] 44 |       let id = sqlx::query!(
[INFO] [stdout]    |  ______________^
[INFO] [stdout] 45 | |         r#"INSERT INTO teacher (name, picture_url, profile)
[INFO] [stdout] 46 | |     VALUES (?, ?, ?)"#,
[INFO] [stdout] 47 | |         new_teacher.name,
[INFO] [stdout] 48 | |         new_teacher.picture_url,
[INFO] [stdout] 49 | |         new_teacher.profile
[INFO] [stdout] 50 | |     )
[INFO] [stdout]    | |_____^
[INFO] [stdout]    |
[INFO] [stdout]    = note: this error originates in the macro `$crate::sqlx_macros::expand_query` which comes from the expansion of the macro `sqlx::query` (in Nightly builds, run with -Z macro-backtrace for more info)
[INFO] [stdout] 
[INFO] [stdout] 
[INFO] [stdout] error: error communicating with database: Cannot assign requested address (os error 99)
[INFO] [stdout]   --> webservice/src/bin/../dbaccess/teacher.rs:58:21
[INFO] [stdout]    |
[INFO] [stdout] 58 |       let row_count = sqlx::query!(
[INFO] [stdout]    |  _____________________^
[INFO] [stdout] 59 | |         r#"DELETE 
[INFO] [stdout] 60 | |     FROM teacher 
[INFO] [stdout] 61 | |     WHERE id = ?"#,
[INFO] [stdout] 62 | |         id
[INFO] [stdout] 63 | |     )
[INFO] [stdout]    | |_____^
[INFO] [stdout]    |
[INFO] [stdout]    = note: this error originates in the macro `$crate::sqlx_macros::expand_query` which comes from the expansion of the macro `sqlx::query` (in Nightly builds, run with -Z macro-backtrace for more info)
[INFO] [stdout] 
[INFO] [stdout] 
[INFO] [stdout] error: error communicating with database: Cannot assign requested address (os error 99)
[INFO] [stdout]   --> webservice/src/bin/../dbaccess/teacher.rs:79:31
[INFO] [stdout]    |
[INFO] [stdout] 79 |       let current_teacher_row = sqlx::query!(
[INFO] [stdout]    |  _______________________________^
[INFO] [stdout] 80 | |         r#"SELECT id, name, picture_url, profile
[INFO] [stdout] 81 | |     FROM teacher
[INFO] [stdout] 82 | |     WHERE id = ?
[INFO] [stdout] 83 | |     "#,
[INFO] [stdout] 84 | |         id
[INFO] [stdout] 85 | |     )
[INFO] [stdout]    | |_____^
[INFO] [stdout]    |
[INFO] [stdout]    = note: this error originates in the macro `$crate::sqlx_macros::expand_query` which comes from the expansion of the macro `sqlx::query` (in Nightly builds, run with -Z macro-backtrace for more info)
[INFO] [stdout] 
[INFO] [stdout] 
[INFO] [stdout] error: error communicating with database: Cannot assign requested address (os error 99)
[INFO] [stdout]   --> webservice/src/bin/../dbaccess/teacher.rs:79:31
[INFO] [stdout]    |
[INFO] [stdout] 79 |       let current_teacher_row = sqlx::query!(
[INFO] [stdout]    |  _______________________________^
[INFO] [stdout] 80 | |         r#"SELECT id, name, picture_url, profile
[INFO] [stdout] 81 | |     FROM teacher
[INFO] [stdout] 82 | |     WHERE id = ?
[INFO] [stdout] 83 | |     "#,
[INFO] [stdout] 84 | |         id
[INFO] [stdout] 85 | |     )
[INFO] [stdout]    | |_____^
[INFO] [stdout]    |
[INFO] [stdout]    = note: this error originates in the macro `$crate::sqlx_macros::expand_query` which comes from the expansion of the macro `sqlx::query` (in Nightly builds, run with -Z macro-backtrace for more info)
[INFO] [stdout] 
[INFO] [stdout] 
[INFO] [stdout] error: error communicating with database: Cannot assign requested address (os error 99)
[INFO] [stdout]    --> webservice/src/bin/../dbaccess/teacher.rs:105:21
[INFO] [stdout]     |
[INFO] [stdout] 105 |       let row_count = sqlx::query!(
[INFO] [stdout]     |  _____________________^
[INFO] [stdout] 106 | |         r#"UPDATE teacher 
[INFO] [stdout] 107 | |     SET name = ?, picture_url = ?, profile = ?
[INFO] [stdout] 108 | |     WHERE id = ?"#,
[INFO] [stdout] ...   |
[INFO] [stdout] 112 | |         id
[INFO] [stdout] 113 | |     )
[INFO] [stdout]     | |_____^
[INFO] [stdout]     |
[INFO] [stdout]     = note: this error originates in the macro `$crate::sqlx_macros::expand_query` which comes from the expansion of the macro `sqlx::query` (in Nightly builds, run with -Z macro-backtrace for more info)
[INFO] [stdout] 
[INFO] [stdout] 
[INFO] [stdout] error: error communicating with database: Cannot assign requested address (os error 99)
[INFO] [stdout]    --> webservice/src/bin/../dbaccess/teacher.rs:105:21
[INFO] [stdout]     |
[INFO] [stdout] 105 |       let row_count = sqlx::query!(
[INFO] [stdout]     |  _____________________^
[INFO] [stdout] 106 | |         r#"UPDATE teacher 
[INFO] [stdout] 107 | |     SET name = ?, picture_url = ?, profile = ?
[INFO] [stdout] 108 | |     WHERE id = ?"#,
[INFO] [stdout] ...   |
[INFO] [stdout] 112 | |         id
[INFO] [stdout] 113 | |     )
[INFO] [stdout]     | |_____^
[INFO] [stdout]     |
[INFO] [stdout]     = note: this error originates in the macro `$crate::sqlx_macros::expand_query` which comes from the expansion of the macro `sqlx::query` (in Nightly builds, run with -Z macro-backtrace for more info)
[INFO] [stdout] 
[INFO] [stdout] 
[INFO] [stdout] warning: 1 warning emitted
[INFO] [stdout] 
[INFO] [stdout] 
[INFO] [stdout] warning: 1 warning emitted
[INFO] [stdout] 
[INFO] [stdout] 
[INFO] [stdout] warning: unused import: `ResponseError`
[INFO] [stdout]  --> webservice/src/bin/../handlers/course.rs:4:36
[INFO] [stdout]   |
[INFO] [stdout] 4 | use actix_web::{web, HttpResponse, ResponseError};
[INFO] [stdout]   |                                    ^^^^^^^^^^^^^
[INFO] [stdout]   |
[INFO] [stdout]   = note: `#[warn(unused_imports)]` on by default
[INFO] [stdout] 
[INFO] [stdout] 
[INFO] [stdout] warning: unused import: `ResponseError`
[INFO] [stdout]  --> webservice/src/bin/../handlers/teacher.rs:5:36
[INFO] [stdout]   |
[INFO] [stdout] 5 | use actix_web::{web, HttpResponse, ResponseError};
[INFO] [stdout]   |                                    ^^^^^^^^^^^^^
[INFO] [stdout] 
[INFO] [stdout] 
[INFO] [stderr]     Checking webapp v0.1.0 (/opt/rustwide/workdir/webapp)
[INFO] [stdout] error: aborting due to 12 previous errors; 2 warnings emitted
[INFO] [stdout] 
[INFO] [stdout] 
[INFO] [stderr] error: could not compile `webservice` (bin "teacher-service") due to 13 previous errors; 2 warnings emitted
[INFO] [stderr] warning: build failed, waiting for other jobs to finish...
[INFO] [stdout] error: aborting due to 12 previous errors
[INFO] [stdout] 
[INFO] [stdout] 
[INFO] [stderr] error: could not compile `webservice` (bin "teacher-service" test) due to 13 previous errors
[INFO] running `Command { std: "docker" "inspect" "deef3f6d2da6510e4b5f3974f62a4bb8267ba5b6485a83b12fe02e99e55b6552", kill_on_drop: false }`
[INFO] running `Command { std: "docker" "rm" "-f" "deef3f6d2da6510e4b5f3974f62a4bb8267ba5b6485a83b12fe02e99e55b6552", kill_on_drop: false }`
[INFO] [stdout] deef3f6d2da6510e4b5f3974f62a4bb8267ba5b6485a83b12fe02e99e55b6552
